{"id":2568,"date":"2023-08-13T19:35:22","date_gmt":"2023-08-13T22:35:22","guid":{"rendered":"http:\/\/pscjslz.com.br\/?page_id=2568"},"modified":"2026-02-26T16:36:12","modified_gmt":"2026-02-26T19:36:12","slug":"grupo-de-animacao-missionaria","status":"publish","type":"page","link":"https:\/\/pscjslz.com.br\/?page_id=2568","title":{"rendered":"Sobre o Grupo de Anima\u00e7\u00e3o Mission\u00e1ria &#8211; GAM"},"content":{"rendered":"\n<h1 class=\"wp-block-heading has-text-align-center\">Grupo de Anima\u00e7\u00e3o Mission\u00e1ria &#8211; GAM<\/h1>\n\n\n\n<p>Grupo de Anima\u00e7\u00e3o Mission\u00e1ria. Este grupo surgiu em 2012 ap\u00f3s a realiza\u00e7\u00e3o da grande semana mission\u00e1ria com o objetivo de reunir os coordenadores dos setores (CEM) da par\u00f3quia, com a finalidade de organizar as a\u00e7\u00f5es missionarias desenvolvidas na \u00e1rea paroquial do Bequim\u00e3o e comunidades, at\u00e9 porque n\u00e3o existia o COMIPA (Conselho Mission\u00e1rio Paroquial) implantado.<\/p>\n\n\n\n<figure class=\"wp-block-image size-large\"><img fetchpriority=\"high\" decoding=\"async\" width=\"1024\" height=\"576\" src=\"https:\/\/pscjslz.com.br\/wp-content\/uploads\/2023\/08\/2B82E680-0A4B-4A4C-9EA0-1C71042C553F-1024x576.png\" alt=\"\" class=\"wp-image-2574\" srcset=\"https:\/\/pscjslz.com.br\/wp-content\/uploads\/2023\/08\/2B82E680-0A4B-4A4C-9EA0-1C71042C553F-1024x576.png 1024w, https:\/\/pscjslz.com.br\/wp-content\/uploads\/2023\/08\/2B82E680-0A4B-4A4C-9EA0-1C71042C553F-300x169.png 300w, https:\/\/pscjslz.com.br\/wp-content\/uploads\/2023\/08\/2B82E680-0A4B-4A4C-9EA0-1C71042C553F-768x432.png 768w, https:\/\/pscjslz.com.br\/wp-content\/uploads\/2023\/08\/2B82E680-0A4B-4A4C-9EA0-1C71042C553F-1536x864.png 1536w, https:\/\/pscjslz.com.br\/wp-content\/uploads\/2023\/08\/2B82E680-0A4B-4A4C-9EA0-1C71042C553F.png 1920w\" sizes=\"(max-width: 1024px) 100vw, 1024px\" \/><\/figure>\n\n\n\n<p>Os setores foram criados na par\u00f3quia no ano de 1996 durante a 1\u00aa Assembleia Paroquial, com o objetivo de melhor dinamizar as a\u00e7\u00f5es evangelizadoras, esta foi definida como uma das prioridades no plano pastoral de ent\u00e3o. A ideia seguiu o modelo das CEB\u2019s (Comunidades Eclesiais de Base), no in\u00edcio chegaram a ser chamados, tamb\u00e9m de n\u00facleos de evangeliza\u00e7\u00e3o, mas acabou-se definindo realmente como setores. Hoje, para melhor se adequar a linguagem urbana eclesi\u00e1stica, recebem o nome de Comunidades Eclesiais Missionarias (CEM\u2019s)<\/p>\n\n\n\n<p>No in\u00edcio eram realizados os c\u00edrculos b\u00edblicos, encontros com Maria de casa em casa, reza do ODC (oficio divino da comunidades) e encontros dos tempos fortes (Campanha da fraternidade, Quaresma, m\u00eas Mariano, m\u00eas vocacional, m\u00eas da B\u00edblia, m\u00eas mission\u00e1rio e novena de Natal).<\/p>\n\n\n\n<p>Durante todo ano s\u00e3o realizadas visitas nas fam\u00edlias, encontros de ruas e nas pra\u00e7as, seguindo o mandado de Jesus: \u201cIde pelo mundo inteiro e anunciai a Boa Nova a toda criatura\u201d (Mc 16,15).<\/p>\n\n\n\n<p>Atualmente busca dinamizar e aprofundar o espirito da igreja em sa\u00edda, desafio do nosso Papa Francisco. Todas as quartas quinta feira de cada m\u00eas, acontecem as celebra\u00e7\u00f5es mission\u00e1ria simult\u00e2neas em cada CEM.<\/p>\n\n\n\n<div style=\"height:19px\" aria-hidden=\"true\" class=\"wp-block-spacer\"><\/div>\n\n\n\n<div class=\"wp-block-columns is-layout-flex wp-container-core-columns-is-layout-28f84493 wp-block-columns-is-layout-flex\">\n<div class=\"wp-block-column is-layout-flow wp-block-column-is-layout-flow\">\n<figure class=\"wp-block-image size-large\"><a href=\"https:\/\/pscjslz.com.br\/wp-content\/uploads\/2023\/08\/4AA046FF-3929-413D-B6FA-61B42ACA8B3D.png\"><img decoding=\"async\" width=\"1024\" height=\"576\" src=\"https:\/\/pscjslz.com.br\/wp-content\/uploads\/2023\/08\/4AA046FF-3929-413D-B6FA-61B42ACA8B3D-1024x576.png\" alt=\"\" class=\"wp-image-2573\" srcset=\"https:\/\/pscjslz.com.br\/wp-content\/uploads\/2023\/08\/4AA046FF-3929-413D-B6FA-61B42ACA8B3D-1024x576.png 1024w, https:\/\/pscjslz.com.br\/wp-content\/uploads\/2023\/08\/4AA046FF-3929-413D-B6FA-61B42ACA8B3D-300x169.png 300w, https:\/\/pscjslz.com.br\/wp-content\/uploads\/2023\/08\/4AA046FF-3929-413D-B6FA-61B42ACA8B3D-768x432.png 768w, https:\/\/pscjslz.com.br\/wp-content\/uploads\/2023\/08\/4AA046FF-3929-413D-B6FA-61B42ACA8B3D-1536x864.png 1536w, https:\/\/pscjslz.com.br\/wp-content\/uploads\/2023\/08\/4AA046FF-3929-413D-B6FA-61B42ACA8B3D.png 1920w\" sizes=\"(max-width: 1024px) 100vw, 1024px\" \/><\/a><\/figure>\n<\/div>\n\n\n\n<div class=\"wp-block-column is-layout-flow wp-block-column-is-layout-flow\">\n<figure class=\"wp-block-image size-large\"><a href=\"https:\/\/pscjslz.com.br\/wp-content\/uploads\/2023\/08\/614254DA-7EB1-42F7-B3EF-02E467B01657.png\"><img decoding=\"async\" width=\"1024\" height=\"576\" src=\"https:\/\/pscjslz.com.br\/wp-content\/uploads\/2023\/08\/614254DA-7EB1-42F7-B3EF-02E467B01657-1024x576.png\" alt=\"\" class=\"wp-image-2575\" srcset=\"https:\/\/pscjslz.com.br\/wp-content\/uploads\/2023\/08\/614254DA-7EB1-42F7-B3EF-02E467B01657-1024x576.png 1024w, https:\/\/pscjslz.com.br\/wp-content\/uploads\/2023\/08\/614254DA-7EB1-42F7-B3EF-02E467B01657-300x169.png 300w, https:\/\/pscjslz.com.br\/wp-content\/uploads\/2023\/08\/614254DA-7EB1-42F7-B3EF-02E467B01657-768x432.png 768w, https:\/\/pscjslz.com.br\/wp-content\/uploads\/2023\/08\/614254DA-7EB1-42F7-B3EF-02E467B01657-1536x864.png 1536w, https:\/\/pscjslz.com.br\/wp-content\/uploads\/2023\/08\/614254DA-7EB1-42F7-B3EF-02E467B01657.png 1920w\" sizes=\"(max-width: 1024px) 100vw, 1024px\" \/><\/a><\/figure>\n<\/div>\n<\/div>\n\n\n\n<div class=\"wp-block-columns is-layout-flex wp-container-core-columns-is-layout-28f84493 wp-block-columns-is-layout-flex\">\n<div class=\"wp-block-column is-layout-flow wp-block-column-is-layout-flow\">\n<figure class=\"wp-block-image size-large\"><a href=\"https:\/\/pscjslz.com.br\/wp-content\/uploads\/2023\/08\/2A9441E4-A20B-449B-8C8A-F24AFF3DCFEB.png\"><img loading=\"lazy\" decoding=\"async\" width=\"1024\" height=\"576\" src=\"https:\/\/pscjslz.com.br\/wp-content\/uploads\/2023\/08\/2A9441E4-A20B-449B-8C8A-F24AFF3DCFEB-1024x576.png\" alt=\"\" class=\"wp-image-2577\" srcset=\"https:\/\/pscjslz.com.br\/wp-content\/uploads\/2023\/08\/2A9441E4-A20B-449B-8C8A-F24AFF3DCFEB-1024x576.png 1024w, https:\/\/pscjslz.com.br\/wp-content\/uploads\/2023\/08\/2A9441E4-A20B-449B-8C8A-F24AFF3DCFEB-300x169.png 300w, https:\/\/pscjslz.com.br\/wp-content\/uploads\/2023\/08\/2A9441E4-A20B-449B-8C8A-F24AFF3DCFEB-768x432.png 768w, https:\/\/pscjslz.com.br\/wp-content\/uploads\/2023\/08\/2A9441E4-A20B-449B-8C8A-F24AFF3DCFEB-1536x864.png 1536w, https:\/\/pscjslz.com.br\/wp-content\/uploads\/2023\/08\/2A9441E4-A20B-449B-8C8A-F24AFF3DCFEB.png 1920w\" sizes=\"(max-width: 1024px) 100vw, 1024px\" \/><\/a><\/figure>\n<\/div>\n\n\n\n<div class=\"wp-block-column is-layout-flow wp-block-column-is-layout-flow\">\n<figure class=\"wp-block-image size-large\"><a href=\"https:\/\/pscjslz.com.br\/wp-content\/uploads\/2023\/08\/667A5AB8-900E-4EDB-8474-767491D73B7E.png\"><img loading=\"lazy\" decoding=\"async\" width=\"1024\" height=\"576\" src=\"https:\/\/pscjslz.com.br\/wp-content\/uploads\/2023\/08\/667A5AB8-900E-4EDB-8474-767491D73B7E-1024x576.png\" alt=\"\" class=\"wp-image-2576\" srcset=\"https:\/\/pscjslz.com.br\/wp-content\/uploads\/2023\/08\/667A5AB8-900E-4EDB-8474-767491D73B7E-1024x576.png 1024w, https:\/\/pscjslz.com.br\/wp-content\/uploads\/2023\/08\/667A5AB8-900E-4EDB-8474-767491D73B7E-300x169.png 300w, https:\/\/pscjslz.com.br\/wp-content\/uploads\/2023\/08\/667A5AB8-900E-4EDB-8474-767491D73B7E-768x432.png 768w, https:\/\/pscjslz.com.br\/wp-content\/uploads\/2023\/08\/667A5AB8-900E-4EDB-8474-767491D73B7E-1536x864.png 1536w, https:\/\/pscjslz.com.br\/wp-content\/uploads\/2023\/08\/667A5AB8-900E-4EDB-8474-767491D73B7E.png 1920w\" sizes=\"(max-width: 1024px) 100vw, 1024px\" \/><\/a><\/figure>\n<\/div>\n<\/div>\n\n\n\n<p>A par\u00f3quia chegou a possuir 17 setores, sendo: 8 na capela matriz, 4 na capela S\u00e3o Jos\u00e9 Oper\u00e1rio, 4 na capela S\u00e3o Sebasti\u00e3o e 1 na capela S\u00e3o Francisco Xavier. Atualmente, S\u00e3o Jos\u00e9 Oper\u00e1rio e S\u00e3o Sebasti\u00e3o est\u00e3o, somente com 3 setores ativos cada uma.<\/p>\n","protected":false},"excerpt":{"rendered":"<p>Grupo de Anima\u00e7\u00e3o Mission\u00e1ria &#8211; GAM Grupo de Anima\u00e7\u00e3o Mission\u00e1ria. Este grupo surgiu em 2012 ap\u00f3s a realiza\u00e7\u00e3o da grande semana mission\u00e1ria com o objetivo de reunir os coordenadores dos setores (CEM) da par\u00f3quia, com a finalidade de organizar as a\u00e7\u00f5es missionarias desenvolvidas na \u00e1rea paroquial do Bequim\u00e3o e comunidades, at\u00e9 porque n\u00e3o existia o COMIPA (Conselho Mission\u00e1rio Paroquial) implantado. Os setores foram criados na par\u00f3quia no ano de 1996 durante a 1\u00aa Assembleia Paroquial, com o objetivo de melhor dinamizar as a\u00e7\u00f5es evangelizadoras, esta foi definida como uma das prioridades no plano pastoral de ent\u00e3o. A ideia seguiu o modelo das CEB\u2019s (Comunidades Eclesiais de Base), no in\u00edcio chegaram a ser chamados, tamb\u00e9m de n\u00facleos de evangeliza\u00e7\u00e3o, mas acabou-se definindo realmente como setores. Hoje, para melhor se adequar a linguagem urbana eclesi\u00e1stica, recebem o nome de Comunidades Eclesiais Missionarias (CEM\u2019s) No in\u00edcio eram realizados os c\u00edrculos b\u00edblicos, encontros com Maria de casa em casa, reza do ODC (oficio divino da comunidades) e encontros dos tempos fortes (Campanha da fraternidade, Quaresma, m\u00eas Mariano, m\u00eas vocacional, m\u00eas da B\u00edblia, m\u00eas mission\u00e1rio e novena de Natal). Durante todo ano s\u00e3o realizadas visitas nas fam\u00edlias, encontros de ruas e nas pra\u00e7as, seguindo o mandado de Jesus: \u201cIde pelo mundo inteiro e anunciai a Boa Nova a toda criatura\u201d (Mc 16,15). Atualmente busca dinamizar e aprofundar o espirito da igreja em sa\u00edda, desafio do nosso Papa Francisco. Todas as quartas quinta feira de cada m\u00eas, acontecem as celebra\u00e7\u00f5es mission\u00e1ria simult\u00e2neas em cada CEM. A par\u00f3quia chegou a possuir 17 setores, sendo: 8 na capela matriz, 4 na capela S\u00e3o Jos\u00e9 Oper\u00e1rio, 4 na capela S\u00e3o Sebasti\u00e3o e 1 na capela S\u00e3o Francisco Xavier. Atualmente, S\u00e3o Jos\u00e9 Oper\u00e1rio e S\u00e3o Sebasti\u00e3o est\u00e3o, somente com 3 setores ativos cada uma.<\/p>\n","protected":false},"author":1,"featured_media":0,"parent":0,"menu_order":0,"comment_status":"closed","ping_status":"closed","template":"","meta":{"site-sidebar-layout":"default","site-content-layout":"","ast-site-content-layout":"default","site-content-style":"default","site-sidebar-style":"default","ast-global-header-display":"","ast-banner-title-visibility":"","ast-main-header-display":"","ast-hfb-above-header-display":"","ast-hfb-below-header-display":"","ast-hfb-mobile-header-display":"","site-post-title":"disabled","ast-breadcrumbs-content":"","ast-featured-img":"","footer-sml-layout":"","ast-disable-related-posts":"","theme-transparent-header-meta":"","adv-header-id-meta":"","stick-header-meta":"","header-above-stick-meta":"","header-main-stick-meta":"","header-below-stick-meta":"","astra-migrate-meta-layouts":"default","ast-page-background-enabled":"default","ast-page-background-meta":{"desktop":{"background-color":"var(--ast-global-color-5)","background-image":"","background-repeat":"repeat","background-position":"center center","background-size":"auto","background-attachment":"scroll","background-type":"","background-media":"","overlay-type":"","overlay-color":"","overlay-opacity":"","overlay-gradient":""},"tablet":{"background-color":"","background-image":"","background-repeat":"repeat","background-position":"center center","background-size":"auto","background-attachment":"scroll","background-type":"","background-media":"","overlay-type":"","overlay-color":"","overlay-opacity":"","overlay-gradient":""},"mobile":{"background-color":"","background-image":"","background-repeat":"repeat","background-position":"center center","background-size":"auto","background-attachment":"scroll","background-type":"","background-media":"","overlay-type":"","overlay-color":"","overlay-opacity":"","overlay-gradient":""}},"ast-content-background-meta":{"desktop":{"background-color":"var(--ast-global-color-4)","background-image":"","background-repeat":"repeat","background-position":"center center","background-size":"auto","background-attachment":"scroll","background-type":"","background-media":"","overlay-type":"","overlay-color":"","overlay-opacity":"","overlay-gradient":""},"tablet":{"background-color":"var(--ast-global-color-4)","background-image":"","background-repeat":"repeat","background-position":"center center","background-size":"auto","background-attachment":"scroll","background-type":"","background-media":"","overlay-type":"","overlay-color":"","overlay-opacity":"","overlay-gradient":""},"mobile":{"background-color":"var(--ast-global-color-4)","background-image":"","background-repeat":"repeat","background-position":"center center","background-size":"auto","background-attachment":"scroll","background-type":"","background-media":"","overlay-type":"","overlay-color":"","overlay-opacity":"","overlay-gradient":""}},"footnotes":""},"class_list":["post-2568","page","type-page","status-publish","hentry"],"_links":{"self":[{"href":"https:\/\/pscjslz.com.br\/index.php?rest_route=\/wp\/v2\/pages\/2568","targetHints":{"allow":["GET"]}}],"collection":[{"href":"https:\/\/pscjslz.com.br\/index.php?rest_route=\/wp\/v2\/pages"}],"about":[{"href":"https:\/\/pscjslz.com.br\/index.php?rest_route=\/wp\/v2\/types\/page"}],"author":[{"embeddable":true,"href":"https:\/\/pscjslz.com.br\/index.php?rest_route=\/wp\/v2\/users\/1"}],"replies":[{"embeddable":true,"href":"https:\/\/pscjslz.com.br\/index.php?rest_route=%2Fwp%2Fv2%2Fcomments&post=2568"}],"version-history":[{"count":3,"href":"https:\/\/pscjslz.com.br\/index.php?rest_route=\/wp\/v2\/pages\/2568\/revisions"}],"predecessor-version":[{"id":13601,"href":"https:\/\/pscjslz.com.br\/index.php?rest_route=\/wp\/v2\/pages\/2568\/revisions\/13601"}],"wp:attachment":[{"href":"https:\/\/pscjslz.com.br\/index.php?rest_route=%2Fwp%2Fv2%2Fmedia&parent=2568"}],"curies":[{"name":"wp","href":"https:\/\/api.w.org\/{rel}","templated":true}]}}