{"id":2239,"date":"2023-07-15T19:58:45","date_gmt":"2023-07-15T22:58:45","guid":{"rendered":"http:\/\/pscjslz.com.br\/?page_id=2239"},"modified":"2026-02-26T15:48:45","modified_gmt":"2026-02-26T18:48:45","slug":"pastoral-do-batismo","status":"publish","type":"page","link":"https:\/\/pscjslz.com.br\/?page_id=2239","title":{"rendered":"Sobre a Pastoral do Batismo"},"content":{"rendered":"\n<p class=\"has-text-align-center has-ast-global-color-0-color has-text-color has-link-color has-large-font-size wp-elements-db3209d358648749d1fdb92aeffad34d\">Pastoral do Batismo<\/p>\n\n\n\n<p>O Batismo \u00e9 o primeiro dos Sacramentos da inicia\u00e7\u00e3o crist\u00e3, ou seja, come\u00e7amos a ser crist\u00e3os, incorporados em Cristo, no dia do nosso Batismo. \u00c9 o fundamento de toda a vida crist\u00e3 e a porta que d\u00e1 acesso aos outros sacramentos. Pelo Batismo somos libertos do pecado e regenerados como filhos de Deus: tornamo-nos membros de Cristo e somos incorporados na Igreja e tornados participantes na sua miss\u00e3o. \u00c9 o que se chama: nascer de novo, significa e realiza aquele nascimento da \u00e1gua e do Esp\u00edrito, sem o qual \u201cningu\u00e9m pode entrar no Reino de Deus\u201d (Jo 3,5).<\/p>\n\n\n\n<div style=\"height:30px\" aria-hidden=\"true\" class=\"wp-block-spacer\"><\/div>\n\n\n\n<figure class=\"wp-block-image size-large is-resized\"><img fetchpriority=\"high\" decoding=\"async\" width=\"1200\" height=\"750\" src=\"https:\/\/pscjslz.com.br\/wp-content\/uploads\/2023\/07\/c119fc44-2e25-4619-9277-4117d3d71239-edited.jpeg\" alt=\"\" class=\"wp-image-2249\" style=\"width:842px\" srcset=\"https:\/\/pscjslz.com.br\/wp-content\/uploads\/2023\/07\/c119fc44-2e25-4619-9277-4117d3d71239-edited.jpeg 1200w, https:\/\/pscjslz.com.br\/wp-content\/uploads\/2023\/07\/c119fc44-2e25-4619-9277-4117d3d71239-edited-300x188.jpeg 300w, https:\/\/pscjslz.com.br\/wp-content\/uploads\/2023\/07\/c119fc44-2e25-4619-9277-4117d3d71239-edited-1024x640.jpeg 1024w, https:\/\/pscjslz.com.br\/wp-content\/uploads\/2023\/07\/c119fc44-2e25-4619-9277-4117d3d71239-edited-768x480.jpeg 768w\" sizes=\"(max-width: 1200px) 100vw, 1200px\" \/><\/figure>\n\n\n\n<div style=\"height:30px\" aria-hidden=\"true\" class=\"wp-block-spacer\"><\/div>\n\n\n\n<p>\u00c9 um servi\u00e7o organizado da Igreja que:<\/p>\n\n\n\n<p>&nbsp;&nbsp; &nbsp;\u2022 busca conscientizar os catec\u00famenos (jovens e adultos) para a import\u00e2ncia do Sacramento do Batismo e da viv\u00eancia da f\u00e9 crist\u00e3;<\/p>\n\n\n\n<p>&nbsp;&nbsp;&nbsp; \u2022 objetiva despertar nos pais e padrinhos a corresponsabilidade para a educa\u00e7\u00e3o da f\u00e9 das crian\u00e7as, atrav\u00e9s do exemplo de uma viv\u00eancia crist\u00e3 que reflita positivamente na fam\u00edlia, Igreja Domestica.<\/p>\n\n\n\n<p>&nbsp;&nbsp;&nbsp; \u2022 objetiva inserir seus agentes na participa\u00e7\u00e3o das reuni\u00f5es, das celebra\u00e7\u00f5es, assim como dar forma\u00e7\u00e3o a seus agentes.<\/p>\n\n\n\n<div style=\"height:30px\" aria-hidden=\"true\" class=\"wp-block-spacer\"><\/div>\n\n\n\n<p class=\"has-text-align-center has-black-color has-pale-cyan-blue-background-color has-text-color has-background has-medium-font-size\"> A fun\u00e7\u00e3o da Pastoral \u00e9 preparar adultos e crian\u00e7as que procuram a Igreja pra pedir o Batismo e conscientizar os padrinhos da sua importante miss\u00e3o.<\/p>\n\n\n\n<div style=\"height:30px\" aria-hidden=\"true\" class=\"wp-block-spacer\"><\/div>\n\n\n\n<p>A Pastoral do Batismo organiza toda estrutura da prepara\u00e7\u00e3o, desde a acolhida at\u00e9 a Celebra\u00e7\u00e3o do Batismo.<\/p>\n\n\n\n<p>A Pastoral do Batismo da Par\u00f3quia atua em toda \u00e1rea paroquial e suas comunidades, tendo como coordenador na Igreja Matriz, o Sr. Gerson; e na Comunidade S\u00e3o Jos\u00e9 Oper\u00e1rio, a coordena\u00e7\u00e3o fica por conta do Sr. Lu\u00eds Carlos e da Sra. V\u00e2nia.<\/p>\n\n\n\n<figure class=\"wp-block-image size-large\"><img decoding=\"async\" width=\"1200\" height=\"750\" src=\"https:\/\/pscjslz.com.br\/wp-content\/uploads\/2023\/07\/362fae89-b6a9-4f16-890f-aa4d9f714b4f-edited.jpeg\" alt=\"\" class=\"wp-image-2250\" srcset=\"https:\/\/pscjslz.com.br\/wp-content\/uploads\/2023\/07\/362fae89-b6a9-4f16-890f-aa4d9f714b4f-edited.jpeg 1200w, https:\/\/pscjslz.com.br\/wp-content\/uploads\/2023\/07\/362fae89-b6a9-4f16-890f-aa4d9f714b4f-edited-300x188.jpeg 300w, https:\/\/pscjslz.com.br\/wp-content\/uploads\/2023\/07\/362fae89-b6a9-4f16-890f-aa4d9f714b4f-edited-1024x640.jpeg 1024w, https:\/\/pscjslz.com.br\/wp-content\/uploads\/2023\/07\/362fae89-b6a9-4f16-890f-aa4d9f714b4f-edited-768x480.jpeg 768w\" sizes=\"(max-width: 1200px) 100vw, 1200px\" \/><\/figure>\n","protected":false},"excerpt":{"rendered":"<p>Pastoral do Batismo O Batismo \u00e9 o primeiro dos Sacramentos da inicia\u00e7\u00e3o crist\u00e3, ou seja, come\u00e7amos a ser crist\u00e3os, incorporados em Cristo, no dia do nosso Batismo. \u00c9 o fundamento de toda a vida crist\u00e3 e a porta que d\u00e1 acesso aos outros sacramentos. Pelo Batismo somos libertos do pecado e regenerados como filhos de Deus: tornamo-nos membros de Cristo e somos incorporados na Igreja e tornados participantes na sua miss\u00e3o. \u00c9 o que se chama: nascer de novo, significa e realiza aquele nascimento da \u00e1gua e do Esp\u00edrito, sem o qual \u201cningu\u00e9m pode entrar no Reino de Deus\u201d (Jo 3,5). \u00c9 um servi\u00e7o organizado da Igreja que: &nbsp;&nbsp; &nbsp;\u2022 busca conscientizar os catec\u00famenos (jovens e adultos) para a import\u00e2ncia do Sacramento do Batismo e da viv\u00eancia da f\u00e9 crist\u00e3; &nbsp;&nbsp;&nbsp; \u2022 objetiva despertar nos pais e padrinhos a corresponsabilidade para a educa\u00e7\u00e3o da f\u00e9 das crian\u00e7as, atrav\u00e9s do exemplo de uma viv\u00eancia crist\u00e3 que reflita positivamente na fam\u00edlia, Igreja Domestica. &nbsp;&nbsp;&nbsp; \u2022 objetiva inserir seus agentes na participa\u00e7\u00e3o das reuni\u00f5es, das celebra\u00e7\u00f5es, assim como dar forma\u00e7\u00e3o a seus agentes. A fun\u00e7\u00e3o da Pastoral \u00e9 preparar adultos e crian\u00e7as que procuram a Igreja pra pedir o Batismo e conscientizar os padrinhos da sua importante miss\u00e3o. A Pastoral do Batismo organiza toda estrutura da prepara\u00e7\u00e3o, desde a acolhida at\u00e9 a Celebra\u00e7\u00e3o do Batismo. A Pastoral do Batismo da Par\u00f3quia atua em toda \u00e1rea paroquial e suas comunidades, tendo como coordenador na Igreja Matriz, o Sr. Gerson; e na Comunidade S\u00e3o Jos\u00e9 Oper\u00e1rio, a coordena\u00e7\u00e3o fica por conta do Sr. Lu\u00eds Carlos e da Sra. V\u00e2nia.<\/p>\n","protected":false},"author":1,"featured_media":0,"parent":0,"menu_order":0,"comment_status":"closed","ping_status":"closed","template":"","meta":{"site-sidebar-layout":"default","site-content-layout":"","ast-site-content-layout":"default","site-content-style":"default","site-sidebar-style":"default","ast-global-header-display":"","ast-banner-title-visibility":"","ast-main-header-display":"","ast-hfb-above-header-display":"","ast-hfb-below-header-display":"","ast-hfb-mobile-header-display":"","site-post-title":"disabled","ast-breadcrumbs-content":"","ast-featured-img":"","footer-sml-layout":"","ast-disable-related-posts":"","theme-transparent-header-meta":"","adv-header-id-meta":"","stick-header-meta":"","header-above-stick-meta":"","header-main-stick-meta":"","header-below-stick-meta":"","astra-migrate-meta-layouts":"default","ast-page-background-enabled":"default","ast-page-background-meta":{"desktop":{"background-color":"var(--ast-global-color-5)","background-image":"","background-repeat":"repeat","background-position":"center center","background-size":"auto","background-attachment":"scroll","background-type":"","background-media":"","overlay-type":"","overlay-color":"","overlay-opacity":"","overlay-gradient":""},"tablet":{"background-color":"","background-image":"","background-repeat":"repeat","background-position":"center center","background-size":"auto","background-attachment":"scroll","background-type":"","background-media":"","overlay-type":"","overlay-color":"","overlay-opacity":"","overlay-gradient":""},"mobile":{"background-color":"","background-image":"","background-repeat":"repeat","background-position":"center center","background-size":"auto","background-attachment":"scroll","background-type":"","background-media":"","overlay-type":"","overlay-color":"","overlay-opacity":"","overlay-gradient":""}},"ast-content-background-meta":{"desktop":{"background-color":"var(--ast-global-color-4)","background-image":"","background-repeat":"repeat","background-position":"center center","background-size":"auto","background-attachment":"scroll","background-type":"","background-media":"","overlay-type":"","overlay-color":"","overlay-opacity":"","overlay-gradient":""},"tablet":{"background-color":"var(--ast-global-color-4)","background-image":"","background-repeat":"repeat","background-position":"center center","background-size":"auto","background-attachment":"scroll","background-type":"","background-media":"","overlay-type":"","overlay-color":"","overlay-opacity":"","overlay-gradient":""},"mobile":{"background-color":"var(--ast-global-color-4)","background-image":"","background-repeat":"repeat","background-position":"center center","background-size":"auto","background-attachment":"scroll","background-type":"","background-media":"","overlay-type":"","overlay-color":"","overlay-opacity":"","overlay-gradient":""}},"footnotes":""},"class_list":["post-2239","page","type-page","status-publish","hentry"],"_links":{"self":[{"href":"https:\/\/pscjslz.com.br\/index.php?rest_route=\/wp\/v2\/pages\/2239","targetHints":{"allow":["GET"]}}],"collection":[{"href":"https:\/\/pscjslz.com.br\/index.php?rest_route=\/wp\/v2\/pages"}],"about":[{"href":"https:\/\/pscjslz.com.br\/index.php?rest_route=\/wp\/v2\/types\/page"}],"author":[{"embeddable":true,"href":"https:\/\/pscjslz.com.br\/index.php?rest_route=\/wp\/v2\/users\/1"}],"replies":[{"embeddable":true,"href":"https:\/\/pscjslz.com.br\/index.php?rest_route=%2Fwp%2Fv2%2Fcomments&post=2239"}],"version-history":[{"count":4,"href":"https:\/\/pscjslz.com.br\/index.php?rest_route=\/wp\/v2\/pages\/2239\/revisions"}],"predecessor-version":[{"id":13522,"href":"https:\/\/pscjslz.com.br\/index.php?rest_route=\/wp\/v2\/pages\/2239\/revisions\/13522"}],"wp:attachment":[{"href":"https:\/\/pscjslz.com.br\/index.php?rest_route=%2Fwp%2Fv2%2Fmedia&parent=2239"}],"curies":[{"name":"wp","href":"https:\/\/api.w.org\/{rel}","templated":true}]}}