{"id":1725,"date":"2023-06-25T18:35:23","date_gmt":"2023-06-25T21:35:23","guid":{"rendered":"http:\/\/pscjslz.com.br\/?page_id=1725"},"modified":"2026-02-26T15:29:32","modified_gmt":"2026-02-26T18:29:32","slug":"pastoral-da-sobriedade","status":"publish","type":"page","link":"https:\/\/pscjslz.com.br\/?page_id=1725","title":{"rendered":"Sobre a Pastoral da Sobriedade"},"content":{"rendered":"\n<h1 class=\"wp-block-heading has-text-align-center\">Pastoral da Sobriedade<\/h1>\n\n\n\n<p>\u00c9 a a\u00e7\u00e3o concreta da igreja que evangeliza pela busca da sobriedade como um modo de vida \u00e9 uma atua\u00e7\u00e3o especial em resposta ao problema social e de sa\u00fade p\u00fablica do uso das drogas a Pastoral vai al\u00e9m da depend\u00eancia qu\u00edmica que pela terapia do amor trata todo e qualquer tipo de depend\u00eancia propondo assim uma mudan\u00e7a de vida vem para resgatar e reinserir os exclu\u00eddos.<\/p>\n\n\n\n<p>Na Par\u00f3quia Sagrado Cora\u00e7\u00e3o de Jesus, a Pastoral da Sobriedade iniciou seus trabalhos h\u00e1 15 anos e, ao contr\u00e1rio de que muitas pessoas pensam, ela n\u00e3o \u00e9 uma Pastoral direcionada a dependentes qu\u00edmicos, mas tamb\u00e9m a seus familiares, e a toda a comunidade.<\/p>\n\n\n\n<div style=\"height:25px\" aria-hidden=\"true\" class=\"wp-block-spacer\"><\/div>\n\n\n\n<p class=\"has-black-color has-luminous-vivid-amber-background-color has-text-color has-background\">Os agentes da pastoral atendemos geralmente os familiares dos dependentes levando a eles uma palavra de conforto a palavra de Deus e mostrando que o amor e a compreens\u00e3o \u00e9 a parte mais importante para a liberta\u00e7\u00e3o do seu dependente qu\u00edmico fazendo com que a fam\u00edlia se reestruture para poder dar for\u00e7a ao seu dependente e ele possa sim encontrar um rumo na sua vida.<\/p>\n\n\n\n<div style=\"height:35px\" aria-hidden=\"true\" class=\"wp-block-spacer\"><\/div>\n\n\n\n<p>Criada, no Brasil, em 1998, a Pastoral da Sobriedade \u00e9 a a\u00e7\u00e3o concreta da Igreja na Preven\u00e7\u00e3o e Recupera\u00e7\u00e3o da Depend\u00eancia Qu\u00edmica. Buscamos a integra\u00e7\u00e3o entre todas as Pastorais, Movimentos, Comunidades Terap\u00eauticas Parceiras e Casas de Recupera\u00e7\u00e3o. Na Arquidiocese de S\u00e3o Lu\u00eds, temos a Pastoral em 12 par\u00f3quias. Na Par\u00f3quia Sagrado Cora\u00e7\u00e3o de Jesus, a Pastoral da Sobriedade tem um grupo com 22 agentes.<\/p>\n","protected":false},"excerpt":{"rendered":"<p>Pastoral da Sobriedade \u00c9 a a\u00e7\u00e3o concreta da igreja que evangeliza pela busca da sobriedade como um modo de vida \u00e9 uma atua\u00e7\u00e3o especial em resposta ao problema social e de sa\u00fade p\u00fablica do uso das drogas a Pastoral vai al\u00e9m da depend\u00eancia qu\u00edmica que pela terapia do amor trata todo e qualquer tipo de depend\u00eancia propondo assim uma mudan\u00e7a de vida vem para resgatar e reinserir os exclu\u00eddos. Na Par\u00f3quia Sagrado Cora\u00e7\u00e3o de Jesus, a Pastoral da Sobriedade iniciou seus trabalhos h\u00e1 15 anos e, ao contr\u00e1rio de que muitas pessoas pensam, ela n\u00e3o \u00e9 uma Pastoral direcionada a dependentes qu\u00edmicos, mas tamb\u00e9m a seus familiares, e a toda a comunidade. Os agentes da pastoral atendemos geralmente os familiares dos dependentes levando a eles uma palavra de conforto a palavra de Deus e mostrando que o amor e a compreens\u00e3o \u00e9 a parte mais importante para a liberta\u00e7\u00e3o do seu dependente qu\u00edmico fazendo com que a fam\u00edlia se reestruture para poder dar for\u00e7a ao seu dependente e ele possa sim encontrar um rumo na sua vida. Criada, no Brasil, em 1998, a Pastoral da Sobriedade \u00e9 a a\u00e7\u00e3o concreta da Igreja na Preven\u00e7\u00e3o e Recupera\u00e7\u00e3o da Depend\u00eancia Qu\u00edmica. Buscamos a integra\u00e7\u00e3o entre todas as Pastorais, Movimentos, Comunidades Terap\u00eauticas Parceiras e Casas de Recupera\u00e7\u00e3o. Na Arquidiocese de S\u00e3o Lu\u00eds, temos a Pastoral em 12 par\u00f3quias. Na Par\u00f3quia Sagrado Cora\u00e7\u00e3o de Jesus, a Pastoral da Sobriedade tem um grupo com 22 agentes.<\/p>\n","protected":false},"author":1,"featured_media":0,"parent":0,"menu_order":0,"comment_status":"closed","ping_status":"closed","template":"","meta":{"site-sidebar-layout":"default","site-content-layout":"","ast-site-content-layout":"default","site-content-style":"default","site-sidebar-style":"default","ast-global-header-display":"","ast-banner-title-visibility":"","ast-main-header-display":"","ast-hfb-above-header-display":"","ast-hfb-below-header-display":"","ast-hfb-mobile-header-display":"","site-post-title":"disabled","ast-breadcrumbs-content":"","ast-featured-img":"","footer-sml-layout":"","ast-disable-related-posts":"","theme-transparent-header-meta":"","adv-header-id-meta":"","stick-header-meta":"","header-above-stick-meta":"","header-main-stick-meta":"","header-below-stick-meta":"","astra-migrate-meta-layouts":"default","ast-page-background-enabled":"default","ast-page-background-meta":{"desktop":{"background-color":"var(--ast-global-color-5)","background-image":"","background-repeat":"repeat","background-position":"center center","background-size":"auto","background-attachment":"scroll","background-type":"","background-media":"","overlay-type":"","overlay-color":"","overlay-opacity":"","overlay-gradient":""},"tablet":{"background-color":"","background-image":"","background-repeat":"repeat","background-position":"center center","background-size":"auto","background-attachment":"scroll","background-type":"","background-media":"","overlay-type":"","overlay-color":"","overlay-opacity":"","overlay-gradient":""},"mobile":{"background-color":"","background-image":"","background-repeat":"repeat","background-position":"center center","background-size":"auto","background-attachment":"scroll","background-type":"","background-media":"","overlay-type":"","overlay-color":"","overlay-opacity":"","overlay-gradient":""}},"ast-content-background-meta":{"desktop":{"background-color":"var(--ast-global-color-4)","background-image":"","background-repeat":"repeat","background-position":"center center","background-size":"auto","background-attachment":"scroll","background-type":"","background-media":"","overlay-type":"","overlay-color":"","overlay-opacity":"","overlay-gradient":""},"tablet":{"background-color":"var(--ast-global-color-4)","background-image":"","background-repeat":"repeat","background-position":"center center","background-size":"auto","background-attachment":"scroll","background-type":"","background-media":"","overlay-type":"","overlay-color":"","overlay-opacity":"","overlay-gradient":""},"mobile":{"background-color":"var(--ast-global-color-4)","background-image":"","background-repeat":"repeat","background-position":"center center","background-size":"auto","background-attachment":"scroll","background-type":"","background-media":"","overlay-type":"","overlay-color":"","overlay-opacity":"","overlay-gradient":""}},"footnotes":""},"class_list":["post-1725","page","type-page","status-publish","hentry"],"_links":{"self":[{"href":"https:\/\/pscjslz.com.br\/index.php?rest_route=\/wp\/v2\/pages\/1725","targetHints":{"allow":["GET"]}}],"collection":[{"href":"https:\/\/pscjslz.com.br\/index.php?rest_route=\/wp\/v2\/pages"}],"about":[{"href":"https:\/\/pscjslz.com.br\/index.php?rest_route=\/wp\/v2\/types\/page"}],"author":[{"embeddable":true,"href":"https:\/\/pscjslz.com.br\/index.php?rest_route=\/wp\/v2\/users\/1"}],"replies":[{"embeddable":true,"href":"https:\/\/pscjslz.com.br\/index.php?rest_route=%2Fwp%2Fv2%2Fcomments&post=1725"}],"version-history":[{"count":6,"href":"https:\/\/pscjslz.com.br\/index.php?rest_route=\/wp\/v2\/pages\/1725\/revisions"}],"predecessor-version":[{"id":13504,"href":"https:\/\/pscjslz.com.br\/index.php?rest_route=\/wp\/v2\/pages\/1725\/revisions\/13504"}],"wp:attachment":[{"href":"https:\/\/pscjslz.com.br\/index.php?rest_route=%2Fwp%2Fv2%2Fmedia&parent=1725"}],"curies":[{"name":"wp","href":"https:\/\/api.w.org\/{rel}","templated":true}]}}