{"id":1714,"date":"2023-06-25T18:32:44","date_gmt":"2023-06-25T21:32:44","guid":{"rendered":"http:\/\/pscjslz.com.br\/?page_id=1714"},"modified":"2026-02-26T15:46:49","modified_gmt":"2026-02-26T18:46:49","slug":"pastoral-familiar-brasil","status":"publish","type":"page","link":"https:\/\/pscjslz.com.br\/?page_id=1714","title":{"rendered":"Sobre a Pastoral Familiar"},"content":{"rendered":"\n<p class=\"has-text-align-center has-ast-global-color-0-color has-text-color has-link-color has-large-font-size wp-elements-0fb716f4dbb4362c3760e3f00df1dcbe\">Pastoral Familiar<\/p>\n\n\n\n<p>\u00c9 um servi\u00e7o que se realiza na Igreja e com a Igreja, de forma organizada e planejada atrav\u00e9s de agentes espec\u00edficos, com metodologia pr\u00f3pria, tendo como objetivo apoiar a fam\u00edlia a partir da realidade em que se encontra, para que possa existir e viver dignamente, estabelecer relacionamentos e formar as novas gera\u00e7\u00f5es conforme o plano de Deus.<\/p>\n\n\n\n<div style=\"height:30px\" aria-hidden=\"true\" class=\"wp-block-spacer\"><\/div>\n\n\n\n<figure class=\"wp-block-image size-large\"><img fetchpriority=\"high\" decoding=\"async\" width=\"884\" height=\"552\" src=\"https:\/\/pscjslz.com.br\/wp-content\/uploads\/2023\/07\/image-2-edited.png\" alt=\"\" class=\"wp-image-2279\" srcset=\"https:\/\/pscjslz.com.br\/wp-content\/uploads\/2023\/07\/image-2-edited.png 884w, https:\/\/pscjslz.com.br\/wp-content\/uploads\/2023\/07\/image-2-edited-300x187.png 300w, https:\/\/pscjslz.com.br\/wp-content\/uploads\/2023\/07\/image-2-edited-768x480.png 768w\" sizes=\"(max-width: 884px) 100vw, 884px\" \/><\/figure>\n\n\n\n<div style=\"height:30px\" aria-hidden=\"true\" class=\"wp-block-spacer\"><\/div>\n\n\n\n<p>Tem como objetivos:<\/p>\n\n\n\n<ul class=\"wp-block-list\">\n<li>Formar agentes qualificados; <\/li>\n\n\n\n<li>Acolher toda fam\u00edlia a partir da realidade em que se encontra;&nbsp; <\/li>\n\n\n\n<li>Fortalecer os la\u00e7os familiares pelos ensinamentos evang\u00e9licos apontando caminhos para a solu\u00e7\u00e3o das crises e dos problemas, para evitar as separa\u00e7\u00f5es e o div\u00f3rcio;&nbsp; <\/li>\n\n\n\n<li>Apoiar a fam\u00edlia no seu papel educador;&nbsp; <\/li>\n\n\n\n<li>Despertar o sentido mission\u00e1rio da fam\u00edlia;&nbsp; <\/li>\n\n\n\n<li>Promover a participa\u00e7\u00e3o das fam\u00edlias nos tempos lit\u00fargico e datas civis;&nbsp; <\/li>\n\n\n\n<li>Unir esfor\u00e7os para que a fam\u00edlia seja, de verdade, um santu\u00e1rio da vida, valorizando o ser humano desde a concep\u00e7\u00e3o at\u00e9 a morte;&nbsp;<\/li>\n\n\n\n<li>Incentivar o crescimento da espiritualidade familiar de diferentes maneiras, para que pais e filhos fa\u00e7am do lar o melhor ambiente para o desenvolvimento da sua vida crist\u00e3;&nbsp; <\/li>\n\n\n\n<li>Articular o trabalho em conjunto com as outras pastorais e movimentos eclesiais;&nbsp; <\/li>\n\n\n\n<li>Estabelecer articula\u00e7\u00f5es tamb\u00e9m com institui\u00e7\u00f5es externas \u00e0 Igreja.<\/li>\n<\/ul>\n\n\n\n<p><\/p>\n\n\n\n<p>A Pastoral Familiar no Brasil, a partir da estrutura proposta na Exorta\u00e7\u00e3o apost\u00f3lica Familiaris Consortio, atua basicamente, em tr\u00eas campos ou etapas de atua\u00e7\u00e3o, ou seja, ela abrange:&nbsp; <\/p>\n\n\n\n<ul class=\"wp-block-list\">\n<li>Setor Pr\u00e9-Matrimonial: Compreende as fases da prepara\u00e7\u00e3o remota para a Sacramento do Matrim\u00f4nio a prepara\u00e7\u00e3o pr\u00f3xima e a prepara\u00e7\u00e3o imediata;<\/li>\n\n\n\n<li>Setor P\u00f3s-Matrimonial: Para assistir a fam\u00edlia nas quest\u00f5es que surgem ap\u00f3s assumirem o matrim\u00f4nio;<\/li>\n\n\n\n<li>Setor Casos Especiais: Trata de casos dif\u00edceis que podem desestabilizar a fam\u00edlia.<\/li>\n<\/ul>\n\n\n\n<div style=\"height:30px\" aria-hidden=\"true\" class=\"wp-block-spacer\"><\/div>\n\n\n\n<p class=\"has-text-align-center has-white-color has-pale-pink-background-color has-text-color has-background has-medium-font-size\"><strong>A Pastoral Familiar participa com o CEM (Comunidade Eclesial Mission\u00e1ria) dos tempos fortes e datas civis;&nbsp; prepara noivos para o sacramento do matrim\u00f4nio;&nbsp; trabalha em parceria com a Pastoral Catequ\u00e9tica no apoio \u00e0s fam\u00edlias dos catequizandos;&nbsp; oferece espiritualidade para as comunidades.<\/strong><\/p>\n\n\n\n<div style=\"height:30px\" aria-hidden=\"true\" class=\"wp-block-spacer\"><\/div>\n\n\n\n<p>O trabalho da Pastoral Familiar \u00e9 amplo e abrangente, por isso, os agentes que nela trabalham devem ter claros os seus objetivos e prioridades, sabendo que o objetivo principal \u00e9 promover, fortalecer e evangelizar a fam\u00edlia. <\/p>\n\n\n\n<p>Atualmente existe um n\u00facleo da Pastoral Familiar na comunidade S\u00e3o Jos\u00e9 Oper\u00e1rio. <\/p>\n\n\n\n<p>As reuni\u00f5es da Pastoral Familiar acontecem \u00e0s quintas-feiras e, sempre na quarta quinta-feira do m\u00eas seus membros participam das celebra\u00e7\u00f5es nas CEM\u2019s.<\/p>\n","protected":false},"excerpt":{"rendered":"<p>Pastoral Familiar \u00c9 um servi\u00e7o que se realiza na Igreja e com a Igreja, de forma organizada e planejada atrav\u00e9s de agentes espec\u00edficos, com metodologia pr\u00f3pria, tendo como objetivo apoiar a fam\u00edlia a partir da realidade em que se encontra, para que possa existir e viver dignamente, estabelecer relacionamentos e formar as novas gera\u00e7\u00f5es conforme o plano de Deus. Tem como objetivos: A Pastoral Familiar no Brasil, a partir da estrutura proposta na Exorta\u00e7\u00e3o apost\u00f3lica Familiaris Consortio, atua basicamente, em tr\u00eas campos ou etapas de atua\u00e7\u00e3o, ou seja, ela abrange:&nbsp; A Pastoral Familiar participa com o CEM (Comunidade Eclesial Mission\u00e1ria) dos tempos fortes e datas civis;&nbsp; prepara noivos para o sacramento do matrim\u00f4nio;&nbsp; trabalha em parceria com a Pastoral Catequ\u00e9tica no apoio \u00e0s fam\u00edlias dos catequizandos;&nbsp; oferece espiritualidade para as comunidades. O trabalho da Pastoral Familiar \u00e9 amplo e abrangente, por isso, os agentes que nela trabalham devem ter claros os seus objetivos e prioridades, sabendo que o objetivo principal \u00e9 promover, fortalecer e evangelizar a fam\u00edlia. Atualmente existe um n\u00facleo da Pastoral Familiar na comunidade S\u00e3o Jos\u00e9 Oper\u00e1rio. As reuni\u00f5es da Pastoral Familiar acontecem \u00e0s quintas-feiras e, sempre na quarta quinta-feira do m\u00eas seus membros participam das celebra\u00e7\u00f5es nas CEM\u2019s.<\/p>\n","protected":false},"author":1,"featured_media":0,"parent":0,"menu_order":0,"comment_status":"closed","ping_status":"closed","template":"","meta":{"site-sidebar-layout":"default","site-content-layout":"","ast-site-content-layout":"default","site-content-style":"default","site-sidebar-style":"default","ast-global-header-display":"","ast-banner-title-visibility":"","ast-main-header-display":"","ast-hfb-above-header-display":"","ast-hfb-below-header-display":"","ast-hfb-mobile-header-display":"","site-post-title":"disabled","ast-breadcrumbs-content":"","ast-featured-img":"","footer-sml-layout":"","ast-disable-related-posts":"","theme-transparent-header-meta":"","adv-header-id-meta":"","stick-header-meta":"","header-above-stick-meta":"","header-main-stick-meta":"","header-below-stick-meta":"","astra-migrate-meta-layouts":"default","ast-page-background-enabled":"default","ast-page-background-meta":{"desktop":{"background-color":"var(--ast-global-color-5)","background-image":"","background-repeat":"repeat","background-position":"center center","background-size":"auto","background-attachment":"scroll","background-type":"","background-media":"","overlay-type":"","overlay-color":"","overlay-opacity":"","overlay-gradient":""},"tablet":{"background-color":"","background-image":"","background-repeat":"repeat","background-position":"center center","background-size":"auto","background-attachment":"scroll","background-type":"","background-media":"","overlay-type":"","overlay-color":"","overlay-opacity":"","overlay-gradient":""},"mobile":{"background-color":"","background-image":"","background-repeat":"repeat","background-position":"center center","background-size":"auto","background-attachment":"scroll","background-type":"","background-media":"","overlay-type":"","overlay-color":"","overlay-opacity":"","overlay-gradient":""}},"ast-content-background-meta":{"desktop":{"background-color":"var(--ast-global-color-4)","background-image":"","background-repeat":"repeat","background-position":"center center","background-size":"auto","background-attachment":"scroll","background-type":"","background-media":"","overlay-type":"","overlay-color":"","overlay-opacity":"","overlay-gradient":""},"tablet":{"background-color":"var(--ast-global-color-4)","background-image":"","background-repeat":"repeat","background-position":"center center","background-size":"auto","background-attachment":"scroll","background-type":"","background-media":"","overlay-type":"","overlay-color":"","overlay-opacity":"","overlay-gradient":""},"mobile":{"background-color":"var(--ast-global-color-4)","background-image":"","background-repeat":"repeat","background-position":"center center","background-size":"auto","background-attachment":"scroll","background-type":"","background-media":"","overlay-type":"","overlay-color":"","overlay-opacity":"","overlay-gradient":""}},"footnotes":""},"class_list":["post-1714","page","type-page","status-publish","hentry"],"_links":{"self":[{"href":"https:\/\/pscjslz.com.br\/index.php?rest_route=\/wp\/v2\/pages\/1714","targetHints":{"allow":["GET"]}}],"collection":[{"href":"https:\/\/pscjslz.com.br\/index.php?rest_route=\/wp\/v2\/pages"}],"about":[{"href":"https:\/\/pscjslz.com.br\/index.php?rest_route=\/wp\/v2\/types\/page"}],"author":[{"embeddable":true,"href":"https:\/\/pscjslz.com.br\/index.php?rest_route=\/wp\/v2\/users\/1"}],"replies":[{"embeddable":true,"href":"https:\/\/pscjslz.com.br\/index.php?rest_route=%2Fwp%2Fv2%2Fcomments&post=1714"}],"version-history":[{"count":4,"href":"https:\/\/pscjslz.com.br\/index.php?rest_route=\/wp\/v2\/pages\/1714\/revisions"}],"predecessor-version":[{"id":13518,"href":"https:\/\/pscjslz.com.br\/index.php?rest_route=\/wp\/v2\/pages\/1714\/revisions\/13518"}],"wp:attachment":[{"href":"https:\/\/pscjslz.com.br\/index.php?rest_route=%2Fwp%2Fv2%2Fmedia&parent=1714"}],"curies":[{"name":"wp","href":"https:\/\/api.w.org\/{rel}","templated":true}]}}